- (7 + 1 - 30)
9
Evaluate 64 - (-1 - (11 + (-13 - (-4 + 0) - 6))).
61
Evaluate (11 - 26) + 6 + (-4 - -10).
-3
What is -57 + (-45 + 32 - -12)?
-58
Calculate -66 - (-69 + 48 - 2).
-43
Evaluate -1 - (2 + -1) - (25 + -18) - (197 - 175).
-31
Evaluate 59 + 82 + -117 - 83.
-59
What is -130 + (35 - (20 - 48))?
-67
Evaluate (44 + -101 - -50) + 16.
9
Calculate 28 - 29 - (-21 - (-3 - -8)).
25
Evaluate -7 + (-5 - -6 - -2) + 0 + 118.
114
Evaluate (-242 - -104) + 112 + -53.
-79
Evaluate 1 - (-10 - -1) - (116 - (103 + 0)).
-3
What is 1 + 56 + (-90 - -160 - 98)?
29
What is the value of -33 + (-2 + (-5 - 4) + 1 - -12)?
-31
Evaluate 24 + -35 + 2 - -7.
-2
What is the value of 410 + -415 + (12 - (2 - 0))?
5
What is 24 - (4 - (78 - 61))?
37
What is the value of (-8 - 1) + (-25 - -12 - -15) + -16?
-23
Calculate -5 + 1 - (-26 + 74 - 37).
-15
Calculate 15991 - 15879 - (100 - 0).
12
What is 4 + -2 - (19 + 1) - (1437 - 1354)?
-101
What is the value of 2 + (85 - 245) + 81?
-77
Evaluate -13 + -9 + 34 + (-10 - 1) - -8 - 42.
-33
Evaluate -66 - (35 + -18 + -39) - -24.
-20
What is 3 + -17 + -7 - (240 + -245)?
-16
Calculate (-1 - 1 - (-162 + 168)) + -34.
-42
What is the value of -141 + ((-28 - 56 - -75) + (-1 - -17) - -5)?
-129
48 - 93 - -88 - -27 - (14 + 0)
56
What is -36 + (13 - (-29 + 20 + (3 + 10 - 2)))?
-25
Evaluate 1 - (2 - -1) - (-6 + -1) - (487 - 543).
61
Calculate (13 - (24 - 3)) + 2 + 4 + 32.
30
(60 - -1) + 130 + -212
-21
Calculate -87 - (68 - 220) - -6.
71
What is the value of 323 - 311 - (32 - -6)?
-26
-11 + -7 + (55 - (-9 + 9 - -6))
31
What is the value of -12403 + 12394 - (-46 + 0 - 1)?
38
5 - (5 - (-20 + 12 + -1 + 18)) - 84
-75
What is the value of -1 + (3 - -5) - (599 - 585 - (1 + -29))?
-35
17 + -24 + (-5 - -25) + -8 - 61
-56
(24 - 63) + 106 - 49
18
-21 + 4 + 28 + 25 + (-20 - 1)
15
-43 - (-47 - -26 - -33) - -14
-41
What is 15 + 4 + -16 + 22 + 3?
28
Calculate -94 + -1 + 93 - 84.
-86
Calculate 63 + 0 + 48 + -104.
7
Evaluate 0 + -2 + 5 + -2 + -402 + 352.
-49
What is the value of 157 + 10 + -64 - (3 + 30)?
70
(-187 - -185) + (0 - 4) + 3 + -76 + -1
-80
-89 + 22 + -31 + 3 + -1 + 3
-93
Evaluate 487 - 425 - (8 - (16 - 8)).
62
What is the value of (131 - (-57 - -95)) + -62?
31
52 - 4 - 2 - (-60 - (-36 + -41))
29
What is -6 + (-9 - 37) - -57?
5
Calculate 51 + 4 - (6 - (10 + -20 - -16)).
55
What is (19708 - 19693) + (34 - 0 - 0)?
49
What is the value of (620 - 580) + -22 + -7?
11
What is the value of -5 + -107 + 135 + -50?
-27
2 - (6 - 15) - ((9 + -19 - -1) + 29)
-9
What is -15 - (251 + -122 + -186)?
42
Calculate (-1 - 1) + 37 + -21 + -11 - -1 - 65.
-61
What is 36 + (-87 - (48 + -113))?
14
18 + 69 + -5 - 72
10
Calculate -24 - (-5 + -19 + 13) - -95 - (-2 - 8).
92
What is -727 - -788 - (29 + -3)?
35
Evaluate 5 + (50 - 4) - (-23 - -13).
61
-49 + (50 + -23 - -37)
15
18 + (61 - -13) + -75
17
Calculate -37 + (-2 - ((-96 - -100) + 1 + 5)).
-49
What is the value of (1 - 39) + (976 - 959) - -30?
9
Evaluate 0 - 1 - (-59 - ((81 - 74) + (1 - -1))).
67
Evaluate (173 - 192) + 1 + 79 - 20.
41
What is the value of (-2 + -2 - -8) + -24 + (793 - 843)?
-70
Evaluate 16 + 85 + (-16 - -24).
109
Calculate 85 + 70 + -196 + 15.
-26
Evaluate -7 + 7 - -11 - (44 + (11 - (28 - 6))).
-22
Evaluate 70 + (37 - 29 - 12 - (3 + (1 - 1))).
63
Evaluate (-44 - (-131 + 75)) + (5 - (2 + 49)).
-34
What is (49 + -32 + -30 - -23) + 7?
17
What is the value of 122 + -72 + (-3 - (2 + 2)) - (1 + 6)?
36
(12 - (2 + -1)) + (3412 - 3471)
-48
(-14 - ((-19 - -14 - -4) + -10)) + 61
58
What is the value of 100 - ((-3 - 8 - 14) + 19)?
106
Evaluate -8 + (-8 + (-38 - -36) - (0 + -42)).
24
What is -55 + -3 + -5 + 10 + (10 - 16 - -5)?
-54
Evaluate -3 - -34 - (-9 + 10 + -19).
49
What is the value of 19 + -3 + (-3 - -1) + (25127 - 25129)?
12
Calculate (5 - 34) + -6 + -10 + 10 + 10.
-25
What is 27 - (-32 - -14 - 5)?
50
45 - (17 + -40 + 31)
37
-28 - (-42 - 37) - 50
1
2 + 44 + (-20 - -8)
34
Evaluate -31 + 47 - (51 + 2 + 0 + 1).
-38
What is the value of 4 + (0 - 6) + (11 - 33) + 2 + 54?
32
Calculate -143 + 120 - (-82 + 3 + 10).
46
What is 2 + -9 + 5 + 2 + (16 - 15) + 32?
33
1 + 3 - 17 - (-16 + -2 + 6 + 3)
-4
What is -6 + 1 + 134 + (-3 - 85)?
41
Evaluate (-12 - -11) + (0 - -1) + 1 + 130 + -123.
8
Calculate -55 - (63 + -8 + -59).
-51
35 + (-24 - -31) - 36
6
Calculate 4 - -99 - (-1195 + 1185).
113
Evaluate 6 - -17 - 34 - (-5 + 0 + -92).
86
What is 37 - -18 - (-24 + -18 + 26)?
71
What is the value of 0 + 21 + (1 + -2 + 29 - (-2287 - -2318))?
18
What is the value of 1 - 2 - -38 - (-121 - (178 - 292))?
44
What is 12 + -46 + 41 + (-5 - -2) + -16 - -98?
86
What is 11 + -24 + (1 - 0) + -22?
-34
Calculate 5 + (-14 - -32) + -9 + -22 + -7.
-15
What is 54 - (6 - (-45 + 35))?
38
Evaluate (6 - 1 - (-1 + -1)) + (-3 - (-5 - 8)).
17
What is the value of -4 + -6 - (19 - 18 - -13 - 25)?
1
(4 + -4 - -21) + 0 + 20 + -6
35
1 + 6 - (1 - -9 - (2 + 47 + -68))
-22
(-192 - -184) + -15 + -9 + 3
-29
Calculate (128 - (122 - 18)) + 1 + -15 - 21.
-11
Evaluate (20 - -9) + (71 - 105).
-5
0 - 1 - (31 + (-35 - 5) + 26)
-18
Evaluate -29 - 2 - (-90 + -47 + 126).
-20
1 + -23 - (36 - (3 - -35))
-20
15 + -94 - (21 - 83)
-17
What is the value of -77 + 68 - (-2 + 31)?
-38
(28 + (-13 - 31) - (-6 + 4 - 8)) + 4
-2
What is 1 + (-1 - 1) + -64 + 93 - -10?
38
What is the value of 8 - ((7 - -8 - (-1 + 5 + -5)) + -3)?
-5
What is the value of -12 + 5 + (-101 - -143)?
35
-7 + 58 + (7 - (-4 - -1)) + -15
46
Calculate 129 - 78 - (42 + 9).
0
Calculate -19226 + 19276 - (11 - -1).
38
Calculate (9 - 12 - -60 - -6) + (-6 - (-9 + -4)).
70
Calculate 10 - (1 + -8 - -14 - -3 - (116 + 2)).
118
What is 59 - (-2 - -1 - (17 + -14)) - (-459 + 460)?
62
1 + -17 + 10 + (28 + -122 - -34)
-66
Calculate -67 + -4 + -1 + -1037 + 1055.
-54
Calculate -13 + 25 - (-18 - -19 - 10) - 122.
-101
Evaluate -7 + -4 - (0 + (2 + -9 - -16) + -2).
-18
What is -9 + 1023 + -972 + (-2 - (4 + (0 - 2)))?
38
What is 1 + 26 + 44 + (-89 - (-39 - -12))?
9
Evaluate (1 - -1) + -45 + 42 + (-1 - -2) + 46.
46
Calculate 3 + 9 + -50 - (-11 - -1).
-28
What is the value of 1 + -37 - (149 - 146 - (0 + -8))?
-47
Evaluate 5 + 0 + 5 - ((69 - -24) + 0 + 6).
-89
48 + -47 + (19 - -20)
40
Evaluate -30 - ((-21 - (12 - 43)) + -24 + 0).
-16
4 - (15 - (10 - -10)) - -11
20
Evaluate 1 + -4 + 3 - (3 - 0) - (-954 + 935).
16
What is the value of (1038 - 949) + (-9 - 0)?
80
Evaluate 16 + (25 - (3 + -5)) + 10.
53
What is (-2156 - -2204) + (-20 - 0)?
28
45 + (-7 - (20 + -13 + 4) - -5)
32
What is the value of 38 - (8 - (23 + -33 + 14))?
34
What is the value of (14 - 7 - (-1 - (-2 + (21 - 8)))) + 1?
20
185 - 203 - (-29 + -33)
44
-47 - (88 + 120 + -262)
7
Evaluate -6 + 13 + -3 + 8 + -17 + 23 + -14.
4
What is -34 + -51 + 180 + -8 + -3?
84
Evaluate 0 - 66 - (-6243 + 6208).
-31
What is 7 - (32 - (2 - 2 - -3))?
-22
Evaluate (-5 - 6) + -1 + 13 + -4 + -21.
-24
What is 24 - (8 - -1 - (-133 - -108))?
-10
What is the value of (1 - -1) + (-5 - -8) + (1818 - 1870)?
-47
(209 - 148) + (-13 - -13) + -6 + -1
54
Calculate -1 + 9 + 0 - (-56 - (53 + (19 - 57))).
79
Calculate 0 + (7 - (-59 + 59)).
7
Calculate -6 + 0 + 46 + -33 + 23.
30
Calculate 4654 + -4654 - (22 - (3 - 4)).
-23
What is 26 + (-100 - -30) + 58?
14
Calculate -18 - (14 - (30 + -13) - (1 + -6 - 0)).
-20
(-13 - 1) + (-3440 - -3454)
0
Evaluate -6 + 10 + (75 + -6 - 19).
54
(-16 - -5) + 11 + (-17 - 1)
-18
Evaluate (3 - (-11 + 19 + -8) - 40) + (-1 - -9).
-29
What is the value of (30 + (-70 - -18) - -130) + -30?
78
Calculate 117 + (22 - (28 + 45)).
66
Evaluate (42 - (91 + -47)) + (-7 - 0).
-9
Evaluate (37 - 2) + (-18 + 156 - 152).
21
(-25 - (1 + 11)) + -47 + 43
-41
83 + (28 - 64) - (-7 - (-2 + (3 - 1)))
54
Calculate -53 - (13 + 70 + -60).
-76
What is the value of 28 + (-550 - -552 - (-1 + -15) - 7)?
39
What is the value of 22 + -29 + (-20 + 30 - (1 + 17)) + -4?
-19
-22 + 0 - (20 - 9 - 7 - (-125 + 138))
-13
What is the value of -24 + (24 - 2) + (-1 + -4 + 3 - -43)?
39
19 + -9 - (18 + -9 + 5) - 8
-12
What is -16 + (-25 - -15) - (1 + (-5 - (2 + -4)))?
-24
What is 12 - 8 - (-1 + -9 - (44 - (-15 + 7)))?
66
Calculate (18 - (26 + -7 + -8)) + 3.
10
-90 + 94 - ((1 - 1) + (8 - 10 - -8))
-2
What is the value of 1 + 27 - (-133 + 48 - -129)?
-16
Calculate 86 + -205 - -64 - -3.
-52
Calculate 1 + 2 - (0 - 0) - (-46 - -63).
-14
Evaluate (-3